+ -18?
-34
In base 15, what is -8ae + -1?
-8b0
In base 8, what is 3 - -4715?
4720
In base 14, what is -4 - 35?
-39
In base 8, what is -1 + 6314?
6313
In base 2, what is 101 - -10101011?
10110000
In base 13, what is -2 - 156?
-158
In base 7, what is 6 + -1014?
-1005
In base 6, what is -3152 + 13?
-3135
In base 3, what is 222 + 0?
222
In base 15, what is -6 + 0?
-6
In base 6, what is -24 - 52?
-120
In base 6, what is 4 - -4155?
4203
In base 10, what is -3 - 66?
-69
In base 12, what is -2 - 97?
-99
In base 5, what is 4 - 110?
-101
In base 3, what is -1202 - 10111?
-12020
In base 7, what is -246 - 3?
-252
In base 6, what is -5 - 2441?
-2450
In base 12, what is 49 - -1?
4a
In base 6, what is -24 + 11?
-13
In base 16, what is a - 2fb?
-2f1
In base 10, what is 2 + -98?
-96
In base 11, what is -4 + 754?
750
In base 14, what is -155 + 1?
-154
In base 11, what is 0 - 81a?
-81a
In base 11, what is -19 - 13?
-31
In base 14, what is 3 + -145?
-142
In base 5, what is 42 - -342?
434
In base 8, what is 1 + -257?
-256
In base 3, what is -222220 + 2?
-222211
In base 16, what is -15 + 3a9?
394
In base 11, what is 2354 - 3?
2351
In base 3, what is -101 + -10002?
-10110
In base 6, what is -130 - 10?
-140
In base 13, what is -2 - -11?
c
In base 7, what is 4 + -306?
-302
In base 3, what is -201111211 + 11?
-201111200
In base 7, what is -64452 + 2?
-64450
In base 12, what is -2b53 - 1?
-2b54
In base 8, what is -305 - -2?
-303
In base 10, what is 2 - -847?
849
In base 16, what is 2d - 3?
2a
In base 6, what is -42 + 400?
314
In base 15, what is 19 + 91?
aa
In base 15, what is 5 + -1de?
-1d9
In base 2, what is 11 + 1001000?
1001011
In base 16, what is -1e + 10?
-e
In base 6, what is 0 - 24?
-24
In base 9, what is -184 - -5?
-178
In base 10, what is 1 + 56?
57
In base 7, what is 212235 + -2?
212233
In base 9, what is -3 - 47?
-51
In base 16, what is be + -d?
b1
In base 5, what is -11 + -4000?
-4011
In base 15, what is -e + -50?
-5e
In base 5, what is -3 + -23111?
-23114
In base 9, what is -77 + -60?
-147
In base 2, what is 11111 - -1100?
101011
In base 16, what is -6f2 - -8?
-6ea
In base 13, what is 3 - -c50?
c53
In base 10, what is 154 + -4?
150
In base 6, what is 31 + 30?
101
In base 14, what is -3 - dc?
-101
In base 5, what is -20 + -23?
-43
In base 14, what is -5c + 4?
-58
In base 16, what is -77 - 1d?
-94
In base 3, what is -2121 + 12202?
10011
In base 16, what is 2b - 1e3?
-1b8
In base 2, what is 1 - -1010010111000?
1010010111001
In base 2, what is -1000010 + 10000?
-110010
In base 3, what is -10 + -2221?
-10001
In base 15, what is 3 - 1a?
-17
In base 8, what is 66 - 125?
-37
In base 10, what is -212 - 0?
-212
In base 7, what is 0 - 331?
-331
In base 16, what is 1 - fd?
-fc
In base 6, what is 1230 - 2?
1224
In base 13, what is -5 - -2c5?
2c0
In base 8, what is 1054 - 3?
1051
In base 9, what is -4142 - 2?
-4144
In base 13, what is 61c1 - -4?
61c5
In base 7, what is -3 - 153?
-156
In base 15, what is -3 - -32a?
327
In base 3, what is -2 - -1002?
1000
In base 15, what is -8e0 - 2?
-8e2
In base 16, what is -26 - -4?
-22
In base 3, what is 120221 - -10?
121001
In base 16, what is 6 - -17?
1d
In base 14, what is -4 + -5d?
-63
In base 2, what is 1110 + 11000?
100110
In base 8, what is 644 - -3?
647
In base 15, what is 5 - -37?
3c
In base 12, what is -5 + b0?
a7
In base 2, what is -11 - -1101110?
1101011
In base 13, what is b - 30?
-22
In base 4, what is 1311 + -1?
1310
In base 2, what is -11100 + 101?
-10111
In base 9, what is -2 - -106?
104
In base 9, what is -5 + 83?
77
In base 8, what is -4 + 134?
130
In base 12, what is 11 + -4b?
-3a
In base 2, what is -10111100 + 0?
-10111100
In base 5, what is -4 + -4103?
-4112
In base 9, what is 62747 + 1?
62748
In base 16, what is 0 - 132?
-132
In base 16, what is -2a + b?
-1f
In base 13, what is -531 + 9?
-525
In base 11, what is 2 - 170?
-169
In base 4, what is -1 - 23?
-30
In base 5, what is 24 - 224?
-200
In base 12, what is -602 - -4?
-5ba
In base 8, what is 2711 - -1?
2712
In base 8, what is -161 + 5?
-154
In base 14, what is 1b7 + -9?
1ac
In base 9, what is 11 + -140?
-128
In base 3, what is 0 + -200?
-200
In base 15, what is 2d + 3e?
6c
In base 11, what is -5 + 382?
378
In base 16, what is 2 - -52?
54
In base 13, what is -48 - 4?
-4c
In base 6, what is 1 + -11022?
-11021
In base 4, what is -100 - -100?
0
In base 10, what is -613 + -5?
-618
In base 10, what is 1 + -115?
-114
In base 10, what is -11 + -105?
-116
In base 8, what is 1 - -317?
320
In base 14, what is -18 - -29?
11
In base 9, what is -17 - 62?
-80
In base 15, what is -13 + 95?
82
In base 9, what is -1 + 1230?
1228
In base 2, what is 1101 + 1100111?
1110100
In base 2, what is 100000 + 100?
100100
In base 11, what is 2 + 52?
54
In base 11, what is 84 + -109?
-35
In base 8, what is -5 + 41?
34
In base 3, what is -10112 + -1102?
-11221
In base 7, what is 2602 - -10?
2612
In base 16, what is f81 + 1?
f82
In base 10, what is -7 - 74?
-81
In base 16, what is 65d3 - -1?
65d4
In base 2, what is 10011 + -1000001?
-101110
In base 16, what is -b21 - 2?
-b23
In base 15, what is c + -17?
-a
In base 16, what is 3f + 12?
51
In base 16, what is 47 + -9?
3e
In base 5, what is 14 - -21104?
21123
In base 14, what is -2d6 - -22?
-2b4
In base 8, what is 6 + 4556?
4564
In base 11, what is 0 - 205?
-205
In base 6, what is -1 - -140?
135
In base 7, what is 140 - -445?
615
In base 8, what is 614 - 3?
611
In base 5, what is -2 + -134?
-141
In base 11, what is 3996a + 1?
39970
In base 2, what is -110100101 - 10?
-110100111
In base 7, what is 244 - 4?
240
In base 10, what is 5 + 83?
88
In base 10, what is -421 - 0?
-421
In base 8, what is 1762 + 4?
1766
In base 4, what is 31 - -103?
200
In base 11, what is -559 + 0?
-559
In base 4, what is 2 - 103101?
-103033
In base 15, what is -4 + -5?
-9
In base 10, what is 57 - -4?
61
In base 2, what is -100011111111 + 1?
-100011111110
In base 2, what is 10001 + -1011011?
-1001010
In base 15, what is -17 + 31?
19
In base 12, what is -2a4 + 0?
-2a4
In base 8, what is -1 - -422?
421
In base 6, what is -43 - 113?
-200
In base 12, what is -a - -9?
-1
In base 3, what is -2220100 + 1?
-2220022
In base 2, what is 11 + -1001010110101?
-1001010110010
In base 10, what is 36 - 1?
35
In base 12, what is 1 + 77?
78
In base 10, what is 32 + 11?
43
In base 4, what is 12 + -110102?
-110030
In base 4, what is -11 + 12323?
12312
In base 7, what is -1 - -62?
61
In base 12, what is 2 + 64?
66
In base 2, what is -110 - -10111110?
10111000
In base 8, what is -3 - -2747?
2744
In base 15, what is 3 - -10?
13
In base 11, what is -13 - 25?
-38
In base 2, what is -10000001001 - 1?
-10000001010
In base 3, what is -2 - 210022?
-210101
In base 13, what is 42 + 0?
42
In base 7, what is -5 - -3062?
3054
In base 11, what is 6 - -45?
50
In base 14, what is -1 + 55?
54
In base 16, what is 6 + 13?
19
In base 6, what is -1 + -22?
-23
In base 3, what is -2 + -1020?
-1022
In base 4, what is 11 - 1022310?
-1022233
In base 12, what is 10 + 4?
14
In base 7, what is -6 - -43?
34
In base 13, what is -3 - -26?
23
In base 14, what is -2 + -2a?
-2c
In base 10, what is 1 - -203?
204
In base 9, what is 4 + 1603?
1607
In base 11, what is -9 + -21a?
-228
In base 15, what is 8d - 0?
8d
In base 3, what is -11 + 220012?
220001
In base 9, what is -226 + -3?
-230
In base 16, what is -1f52 + -3?
-1f55
In base 16, what is 3 + 6f?
72
In base 9, what is 63 + 18?
82
In base 10, what is 78 + -5?
73
In base 13, what is -4 + -485?
-489
In base 4, what is -111 - -11?
-100
In base 3, what is 2102201 - 11?
2102120
In base 5, what is -2 + 3?
1
In base 6, what is 1224033 - -1?
1224034
In base 7, what is 145520 + 5?
145525
In base 15, what is 1 + 22?
23
In base 16, what is a9 + -2a?
7f
In base 4, what is 233 + 2?
301
In base 11, what is 3 - 320?
-318
In base 5, what is -4 - -41?
32
In base 12, what is -2423 - a?
-2431
In base 3, what is -100202 + -200?
-101102
In base 6, what is 54 + -303?
-205
In base 12, what is -1 - -905?
904
In base 12, what is 300 - -2?
302
In base 13, what is 2 + -1445?
-1443
In base 16, what is -f + 2?
-d
In base 15, what is 2 + 104?
106
In base 4, what is -2220 + 1?
-2213
In base 12, what is -b4 + 18?
-98
In base 16, what is -1402 + 5?
-13fd
In base 15, what is 2 - b1b?
-b19
In base 9, what i